f 12 and d?
12
Suppose -3*i + 8 = -4*i. Let x be i/6*(2 - -1). Let k = x + 5. What is the greatest common divisor of 9 and k?
1
Let s be 2/9 - (-10)/(-45). Let h = s + 2. Let p = h - -6. What is the greatest common factor of 8 and p?
8
Suppose 3*t = 8*t + 15. Let w = 1 + t. Let j be 483/35 - w/10. What is the highest common divisor of j and 7?
7
Let c be (3/(-2))/(12/16). Let a = 18 - c. Calculate the highest common divisor of 50 and a.
10
Let f(t) = t**2 - 11*t + 26. Let v be f(9). What is the greatest common divisor of 4 and v?
4
Let a = 16 + -27. Let f = 19 + a. What is the highest common factor of 12 and f?
4
Suppose 0 = -4*m + 2*v + 30, -v - 3*v = -3*m + 25. Suppose -143 = -m*d + 137. What is the highest common factor of d and 8?
8
Let b be 1*-3*10/(-15). Let k be 1/2*b*5. Suppose -4*u + 5*y + 31 = -57, k*u = 5*y + 110. Calculate the greatest common divisor of u and 2.
2
Suppose 0 = 4*i - i - 3*j - 105, 0 = 2*i - 4*j - 74. What is the highest common divisor of i and 77?
11
Let l = 17 + -17. Suppose l = 3*u - 49 + 16. Calculate the highest common factor of u and 77.
11
Suppose 2*c + 2*c + 15 = -5*w, 0 = -w - c - 4. Let n be (-7)/28 - 17/(-4). Suppose n = 4*z - 12. What is the greatest common divisor of w and z?
1
Suppose 4*x = -3*p + 76 + 599, 2*x - 5*p - 305 = 0. Suppose 659 = 4*w - x. Suppose 106 + w = 3*s. Calculate the greatest common factor of s and 13.
13
Suppose 3*t - 35 = -2*t. Let s(q) = -q**3 + 8*q**2 - 4*q - 7. Let w be s(t). Suppose 366 = 5*l - 404. Calculate the greatest common factor of l and w.
14
Suppose -2*c + 15 = 3*c. Suppose c*h + 36 = 180. Calculate the highest common divisor of 12 and h.
12
Let f(u) = u**2 - u - 134. Let d be f(0). Let z be ((-2)/2 + d)/(-1). What is the highest common divisor of z and 15?
15
Suppose 0*u - 3*u - 2*z + 73 = 0, -2*z = -u + 35. What is the greatest common divisor of 9 and u?
9
Let s(p) = p + 8. Let n be s(-4). Let w be 6/(-4) - (-58)/n. What is the greatest common factor of w and 39?
13
Suppose -7*m = -24 - 18. Let h(w) = -w**3 - 5*w**2 - 2*w + 5. Let a be h(-5). Calculate the greatest common factor of a and m.
3
Suppose -4*j = -3*s - 22 + 5, 0 = -2*s + 10. Suppose 2*o = r - 9 - 10, 9 = -3*o - 5*r. Let g = j - o. Calculate the greatest common divisor of 40 and g.
8
Let p be (-6)/15 + 52/5. Let h be (p/3)/((-2)/(-162)). Calculate the greatest common divisor of h and 30.
30
Let g(k) = 3*k**2 + 2*k - 9. Let q be g(-5). Calculate the greatest common divisor of 14 and q.
14
Suppose -i + a + 166 = 0, 5*i - 2*a - 828 = a. What is the greatest common divisor of 33 and i?
33
Let b(j) = 5*j - 3. Let t be b(2). Let q(l) = -l**3 + 9*l**2 + 2*l - 1. Let a be q(4). Let c = a + -52. What is the greatest common divisor of c and t?
7
Let y be 15 + (8/4 - 5). Calculate the highest common factor of 18 and y.
6
Let p(i) = 3*i + 1. Let m = -6 - -7. Let l be p(m). Suppose -f - 5*u = -20, -4*u = -l*f - 2*u + 168. Calculate the greatest common factor of 5 and f.
5
Suppose j - 4*j + 54 = 0. Let y = 22 - -50. Calculate the greatest common divisor of j and y.
18
Suppose 0 = 5*k - 24 - 26. Let m be 4/k + (-43)/(-5). Let y = 25 + -16. Calculate the highest common divisor of m and y.
9
Let v(y) = -5*y**2 - 4*y - 6. Let d be v(-4). Let t(a) = 17*a + 1. Let k be t(-3). Let s = k - d. Calculate the greatest common factor of 8 and s.
4
Let h(k) = -3*k**2 + 3*k + 1. Let y be h(-3). Let f be (y/(-4))/7*12. Calculate the highest common factor of f and 120.
15
Let k(j) = 6*j - 4. Let x be k(4). Suppose 3*n - 290 = 10. What is the greatest common divisor of x and n?
20
Suppose -7*j + 4*j = 0. Suppose -k + 6*k - 10 = j. Calculate the greatest common divisor of k and 18.
2
Suppose -14 = -2*q + 4*x, 2*q + 0*x - 41 = -5*x. What is the greatest common divisor of 39 and q?
13
Let s be (-4)/(2 - 18/8). Let r be (-2*s)/(4/(-14)). What is the highest common divisor of r and 16?
16
Let u(n) = -n**2 + 9*n - 6. Let l be u(7). Let t = l + 0. Calculate the highest common divisor of 24 and t.
8
Let g = -194 + 311. What is the greatest common divisor of 78 and g?
39
Let b be (1 + -3)*(-21)/2. Let l = b + -14. What is the greatest common divisor of 56 and l?
7
Suppose 24 = -0*p + 2*p. What is the highest common divisor of p and 12?
12
Suppose 3*d = 5*d + 3*b + 5, 3*b + 9 = 0. Calculate the greatest common divisor of 2 and d.
2
Suppose -2*o = p - 4*p - 135, 366 = 5*o + 2*p. Calculate the greatest common divisor of 108 and o.
36
Let r(y) = y**3 + 4*y**2 + y + 4. Let w be r(-2). What is the greatest common factor of w and 60?
10
Let s = 63 + 14. Let g be (1 - (-10)/(-4))*8. Let z = -5 - g. What is the highest common factor of z and s?
7
Suppose -j + 3*w = -6, j - 5*w - 31 = -3*j. Suppose -y = -j - 9. Calculate the greatest common factor of y and 108.
18
Let g(s) = -70*s + 1. Let k be g(-3). Suppose 5*a - k = -2*x, -428 = -0*x - 4*x - 4*a. What is the highest common divisor of 27 and x?
27
Let y be (-3)/(-7) - (-8)/((-280)/(-8385)). What is the highest common factor of 48 and y?
48
Let u(p) = -103*p - 1. Let g(t) = 1029*t + 9. Let s(c) = 2*g(c) + 21*u(c). Let a be s(-2). What is the greatest common divisor of 23 and a?
23
Suppose -6*u = -7*u + 12. What is the highest common factor of 132 and u?
12
Let v = 213 + -132. Let h(y) = -y**3 + 12*y**2 + 3*y - 27. Let n be h(12). Calculate the greatest common factor of v and n.
9
Suppose h = -4*d + 2*h + 7, 5*h - 5 = 0. Let b(z) = -z**2 - 10*z - 1. Let q be b(-9). What is the highest common divisor of d and q?
2
Let z(r) = 9*r - 3. Let b be z(3). Suppose -396 = 4*c - k - 3*k, k = -c - 97. Let i = 158 + c. Calculate the greatest common factor of b and i.
12
Let j = 5 + -11. Let q = j - -11. Suppose 5*d - 4*u + q*u = 47, -4*d = 4*u - 28. Calculate the highest common divisor of d and 100.
10
Suppose -53 + 11 = -3*u. What is the greatest common factor of u and 126?
14
Let i be (-1)/3 - 7/(-3). Suppose -i*s = 3*s - 85. What is the greatest common factor of s and 187?
17
Let b(a) = -3*a**3 + 2*a**2 - 3*a - 6. Let i be b(-3). Calculate the highest common divisor of 68 and i.
34
Let b be 18/16*-2*(-17 - 7). Calculate the highest common factor of b and 216.
54
Let r be (-12)/(0/2 + -1). Let d(m) = -5*m + 3. Let u(k) = 6*k - 3. Let l(t) = -3*d(t) - 2*u(t). Let g be l(7). What is the highest common factor of r and g?
6
Let o = -8 - 2. Let g be (-2 + (-16)/o)*-140. Calculate the highest common factor of 7 and g.
7
Suppose -2*x + 20 + 57 = q, -3*x + 117 = q. What is the greatest common factor of x and 20?
20
Let d be (-10)/15 + 50/3. Let q(a) = 9*a**2 + 3*a - 4. Let f be q(-4). Calculate the highest common divisor of f and d.
16
Let s(u) = u**2 + 7*u - 10. Let l be s(-9). Calculate the greatest common divisor of l and 4.
4
Suppose 5*f + p - 917 - 736 = 0, 4*f + 5*p = 1314. Suppose 45 + 11 = w + 3*o, -f = -5*w + 2*o. What is the highest common factor of w and 13?
13
Suppose -15*g + 52 = -13*g. Calculate the highest common factor of 234 and g.
26
Let w be (9/4)/((-2)/(-8)). Suppose 3*t - 24 = -w, x - 3*t = -115. Let l be 1/(-3) + x/(-3). What is the highest common divisor of 22 and l?
11
Let n be ((-162)/(-45))/((-2)/(-5)). Let s = 24 + 12. What is the greatest common divisor of s and n?
9
Let y(x) = -28*x - 15. Let m be y(-8). Calculate the highest common factor of m and 19.
19
Let n(t) = t**2 + t - 2. Let j be n(3). Suppose -2*u + q + 5 = -15, j = u - 3*q. Calculate the greatest common factor of u and 10.
10
Let r = 38 - 20. Let b(x) = -24*x - 9. Let o be b(-6). Suppose -6*c + o = -3*c. What is the greatest common divisor of r and c?
9
Let v(u) = u**2 + u + 6. Let f be v(5). Let n be (-5)/(-45) + 320/36. What is the greatest common divisor of n and f?
9
Let u(k) = -2*k**2 + 52*k + 25. Let o be u(25). Calculate the greatest common divisor of o and 60.
15
Let k = 23 + -6. Calculate the highest common factor of 153 and k.
17
Let g(p) = -p - 3*p - 7 + 3 + 3*p. Let w be g(-5). What is the highest common factor of 2 and w?
1
Suppose 7 = -3*z - 2. Let d = z - -8. Suppose 2*i - 40 = i. Calculate the greatest common factor of i and d.
5
Let t = -1 + 31. Let c be 5 - -1 - 2 - 2. Suppose 5*p + 4*y = t, 0 = -2*p + c*y + 2 - 8. What is the highest common divisor of 1 and p?
1
Let o = 38 - 23. What is the highest common diviso